e highest common divisor of k and s?
11
Let f(w) = 10 + 9*w - 2*w - 3. Let k be f(5). Let m(c) = -19*c + 128. Let o be m(6). Calculate the greatest common factor of k and o.
14
Let o be (-3)/6 + (-34)/(-4). What is the highest common divisor of 48 and o?
8
Let n = -131 - -269. What is the greatest common factor of 92 and n?
46
Let k be 1/(-7) - (-1990)/(-35). Let u = 66 + k. What is the greatest common factor of u and 99?
9
Let k be 15/(-5)*-1 - -24. Suppose 0 = -4*q - 4*o + 64, 3*q + 0*o - 4*o - k = 0. Calculate the greatest common divisor of 39 and q.
13
Suppose 0 = -5*l + 3*h + 115, 2*h - 8 = -18. Calculate the highest common factor of l and 140.
20
Suppose o = 4*k - 2*o - 5, 4*o - 45 = -5*k. Let a be (-4)/16 + -1 + 595/28. What is the greatest common factor of k and a?
5
Let t(u) be the second derivative of -u**5/20 - u**4/3 - u**3/2 - u**2/2 - 26*u. Let q be t(-4). What is the highest common divisor of 33 and q?
11
Let y be (-9)/18*(-43 - 1). Let j = -349 + 547. Calculate the greatest common factor of j and y.
22
Suppose -f + 3*j = -7, 5*f - 15 = -0*j - 5*j. Let k be -5 + (-13 + 46 - -4*1). What is the highest common factor of k and f?
4
Let y = -10 - -7. Let j = 5 - y. Calculate the greatest common divisor of j and 24.
8
Suppose -3182 - 7816 = -6*f. Calculate the greatest common factor of 39 and f.
39
Suppose -17*q - 33 = -186. What is the highest common divisor of 57 and q?
3
Suppose -4*u + 716 = -4*a, u - 5*a + 76 = 271. Suppose 210 = 5*w - 140. Calculate the highest common factor of w and u.
35
Suppose -5*m = -5, z + z + 2*m = 64. Suppose -5*p = 4*p - 207. Let a = p + 194. Calculate the highest common divisor of z and a.
31
Suppose 12*m = -18*m + 1260. What is the greatest common divisor of m and 18?
6
Suppose 344 + 111 = -5*i. Let c = 166 + i. Suppose -3*g + 2*b = -92, -2*g + 3*b = -81 + 18. Calculate the highest common divisor of c and g.
15
Suppose 6*m - 49 = 105 + 134. Let o be 36/(-1*(-2)/4). Calculate the highest common factor of o and m.
24
Suppose -2*w + 7*w = -25, 2*p + 1 = -w. Suppose -p*x = -11*x + 108. Calculate the highest common divisor of 36 and x.
12
Let d = 684 + -266. What is the highest common divisor of d and 38?
38
Suppose d = 11*g - 16*g + 24, -3*g - 5*d = -32. Calculate the highest common divisor of g and 284.
4
Let c = -1 + 3. Let q(j) = -j**3 - j**2 + j. Let r(x) = -4*x**2 - 2. Let o(l) = q(l) - r(l). Let y be o(c). Calculate the highest common divisor of y and 4.
4
Let l(u) = -u**3 + 5*u**2 + 3*u - 27. Let r be l(6). Let i be 9/r - (-1)/5 - -125. What is the greatest common factor of i and 50?
25
Let d(j) = 2*j**2 + 7*j + 9. Let z be d(-3). Suppose 4*w = -z + 18. Let y be w/(-2) - (-326)/4. Calculate the highest common factor of 10 and y.
10
Suppose 0 = -3*d - 3, 2*k + 3*k - 454 = 4*d. What is the highest common factor of 70 and k?
10
Suppose 2*j = 70 - 20. Let r = j + -23. Suppose -2*c + r*n + 16 = -26, -n - 4 = 0. What is the highest common divisor of 187 and c?
17
Let a(z) be the third derivative of z**6/120 + 7*z**5/60 + z**4/24 + 8*z**3/3 + 8*z**2. Let g be a(-7). What is the highest common factor of 18 and g?
9
Let j be 1 + 3/(-6) - 663/(-26). Calculate the greatest common factor of j and 169.
13
Let w = -589 - -833. Calculate the highest common factor of w and 183.
61
Let z = 78 - -21. Let d(q) = q**3 + q**2 - q + 5. Let k be d(0). Suppose k*v - n - 50 = 0, 7 = v - n + 1. What is the highest common divisor of z and v?
11
Suppose 45 + 11 = q. Suppose -96 = i - 13*i. Calculate the highest common divisor of i and q.
8
Let j(g) = -g - 3*g**3 + 2*g**3 - 1 + 0 - 6*g**2. Let f = -435 + 429. Let a be j(f). Calculate the greatest common factor of a and 45.
5
Let k be 48 - 4 - (-7 - -3)/4. What is the greatest common factor of k and 120?
15
Let u be (2/6)/((-9)/(-54)). Suppose -2*d - d + 4*r = -320, u*d - 4*r = 212. What is the highest common factor of 72 and d?
36
Let g = 5 - 7. Let n be (g + 5)/(6/140). Let l be (48/5)/(21/n). What is the greatest common divisor of 4 and l?
4
Let v be (-18)/10 + 4 - 2/10. Suppose -2*x - v*o + 12 = 0, 2*x - o - 22 = -x. Calculate the highest common divisor of 21 and x.
7
Let p = -294 - -392. Calculate the highest common factor of 2 and p.
2
Suppose -3*o = 3*z - 12, 3*o = 3*z - 32 - 10. Let g = -30 + 33. What is the highest common factor of z and g?
3
Suppose i - 44 + 19 = 0. Suppose n - i - 12 = 0. Suppose -7 = 3*o - n. Calculate the greatest common divisor of 4 and o.
2
Let q(j) = j**3 + 6*j**2 - 14. Let u be q(-6). Let g(y) = y**3 + 14*y**2 - 3*y + 14. Let w be g(u). What is the greatest common factor of w and 8?
8
Suppose 0 = n - 0*n - 42. Suppose 2*q = -3*k - q + n, 3*q = 4*k - 56. Suppose 0 = -t + k - 4. What is the highest common factor of t and 30?
10
Let z(a) = 3*a**3 + 3*a**2 - 3. Let y be z(3). Suppose 0 = -5*b - 105 - y. Let t = -2 - b. Calculate the greatest common divisor of 5 and t.
5
Suppose 72 = 5*m + 22. Let d(j) = j**3 - 10*j**2 + 6*j + 22. Let b be d(m). What is the highest common divisor of 41 and b?
41
Let u = -1145 - -1246. What is the greatest common divisor of u and 1313?
101
Let h = 550 + -19. What is the greatest common factor of h and 59?
59
Suppose 8*f = 3*f. Suppose 4*s - 2*g + f*g = 0, 5*s = 3*g. Let j(v) = v**3 + v**2 + 33. Let l be j(s). Calculate the greatest common factor of l and 297.
33
Let h = 117 + -47. Let z = -40 + h. What is the highest common divisor of z and 90?
30
Let g = -217 + 312. Suppose -6*s + 1512 = -288. Let n be (-5)/(-20) - s/(-16). What is the highest common factor of n and g?
19
Suppose -4*g = -83 + 71. Suppose -g*b + 56 = b. Calculate the greatest common divisor of 56 and b.
14
Suppose -7*c = -1042 - 1415. What is the greatest common factor of c and 39?
39
Let i = -206 + 230. Suppose 4*f - 623 = -n, f + 2*n - n - 155 = 0. Let y = f - 96. What is the greatest common divisor of y and i?
12
Let t(o) = -o**2 + 12*o + 26. Let f be t(0). Calculate the greatest common divisor of 26 and f.
26
Suppose 4*b - 20*o = -21*o + 449, 0 = -4*o + 20. Calculate the highest common factor of b and 185.
37
Let j(h) = -h**2 - 7*h - 10. Let q be j(-7). Let t be 15/q*(-4)/6. Let d be t/(-3) - (-80)/15. What is the greatest common factor of 25 and d?
5
Suppose 2*k = -4*w + 198 + 424, -3*w + 472 = -4*k. Calculate the highest common divisor of w and 416.
52
Let w(s) = 4*s + 2. Let j be w(-2). Let b(z) = 2*z - 6. Let d be b(j). Let a = -2 - d. What is the greatest common divisor of a and 80?
16
Let r = 223 - 128. Suppose 3*v - 5*v + 76 = 0. What is the highest common divisor of v and r?
19
Let g = -322 + 362. Calculate the highest common divisor of 360 and g.
40
Let s(i) = -i**2 - 8*i - 1. Let b be 2/8 - (-25)/(-4). Let z be s(b). Let q be ((-12)/(-10))/((-2*27/30)/(-33)). Calculate the highest common factor of q and z.
11
Let c = -35 - -49. Let j be c/35*(-80)/(-2). Calculate the highest common factor of 32 and j.
16
Suppose 0 = -g + 3*g - 168. Let h(u) = u - 5 + 1 + 12 + 1. Let p be h(3). Calculate the highest common factor of g and p.
12
Let m be -3 - -2 - (-12)/(-2 + 4). Suppose 5*s = 3*k - 38, -k - m*s - 8 = k. Calculate the highest common divisor of 15 and k.
3
Let m = 1405 + -1383. Calculate the highest common divisor of 473 and m.
11
Let n = 1060 + -800. Calculate the highest common factor of 13 and n.
13
Let r be 1098/61*(-2)/(-6). What is the highest common divisor of r and 36?
6
Let m(v) = 2*v**3 + 11*v**2 + 4*v + 3. Let d = -19 - -14. Let z be m(d). What is the greatest common factor of z and 20?
4
Suppose 149 - 57 = 4*t. Let g = 33 - t. What is the highest common divisor of 30 and g?
10
Let w = 21 + -22. Let c be 20/w*-1*(-16)/(-10). Calculate the greatest common divisor of c and 80.
16
Let r(x) = -3*x**2 + 3*x. Let g be r(-3). Let t = 59 + g. What is the greatest common factor of 207 and t?
23
Let s be (-2 + 17/2)*12/6. Calculate the greatest common factor of s and 312.
13
Let h be 228/39 - (-64)/416. Calculate the greatest common factor of h and 32.
2
Suppose 7 = 5*o - 13. Let w = o - 4. Let h be 2 - w - (-7 + -1). Calculate the highest common divisor of h and 20.
10
Let w be ((3 - -3)/18)/((-1)/(-6)). Suppose -3*a = w*a - 440. Calculate the highest common factor of 66 and a.
22
Let c be (-48)/(-8)*(-4)/3. Let j be 1/((c/(-148))/2)